/(-344))?
6
Let u(w) = -5*w + 7. Let m(k) = -4*k + 3. Let d(p) = -8*p + 5. Let y(f) = 3*d(f) - 7*m(f). Let v(j) = 3*u(j) + 4*y(j). What is the units digit of v(6)?
3
Let x = -1 - -5. Let m be -2 + 0 + (-2)/(-2). Let g = m + x. What is the units digit of g?
3
Let a(j) = 5 + 8 - 3 - j. Let i be a(7). What is the units digit of (i/(-2))/(1/(-2))?
3
Let o be 1/4 - 1421/(-28). Suppose q - 28 = -3*q - 2*m, 2*q = 5*m + 2. What is the units digit of o/q - 3/(-6)?
9
Suppose -5*a - d + 717 = 0, 3*d + 137 = a - 0*d. What is the hundreds digit of a?
1
Let g(d) = 2*d - 6. Let v(h) = -h**3 + 8*h**2 + 2*h - 12. Let u be v(8). Let m be g(u). Suppose 3 = 5*y - m. What is the units digit of y?
1
Let h = 62 - 36. What is the tens digit of h?
2
Let g(d) = -5*d + 1. Let i be g(2). Let n be 60/(-9) - (-3)/i. Let h = 10 + n. What is the units digit of h?
3
What is the units digit of ((-4)/1)/(-20) - (-439)/5?
8
Suppose 53 - 13 = 4*h. Let q be 404/h + (-4)/10. Let y = -23 + q. What is the units digit of y?
7
Let l be 2/5 - 36/(-10). Suppose -l*c - 2 - 11 = 3*q, -2*q + 22 = -5*c. What is the units digit of (-5 - -9)/(1 + q)?
2
What is the tens digit of (2 + 8)/(8/20)?
2
Suppose s - 110 = -5*t, 3*t - 66 = 5*s - 0*s. Suppose -5*d - 4 + t = 2*u, 10 = -3*d + 4*u. Suppose 0 + d = v. What is the units digit of v?
2
Let h = 4 - 0. Let i = h - -2. What is the units digit of i?
6
Let m(a) = a**2 - 3*a - 7. Suppose -4*d + 20 = -0*d. Let r be m(d). What is the units digit of (6/4)/(r/18)?
9
Let l(m) = -3*m - 4. Suppose -6*h = -2*h + 16. Let j be l(h). Suppose -8*r + 6*r = -j. What is the units digit of r?
4
Let s be 3/(-7) + (-872)/56. Let d = s + 20. What is the units digit of d?
4
Let l = -72 - -127. Let f(y) = y**2 + 3*y - 7. Let m be f(-5). Suppose -5*h - t + l = t, -2*h + 22 = m*t. What is the units digit of h?
1
Let b = 2 + -2. Let a = 3 + b. Suppose 0 = a*v - 9 - 6. What is the units digit of v?
5
Suppose -8*v = -3*v - 15. Let x be 2/2 + 1 + -2. Suppose x = -2*c + 2*t + 18, 2*c = 3*c + v*t - 1. What is the units digit of c?
7
Let g = 15 + -9. Suppose 0 = -g*b + 3*b + 3*n + 18, -3*b + 22 = -4*n. Let y = 3 - b. What is the units digit of y?
1
Let o(g) = g + 5. Let s be o(6). Let f = -8 + s. What is the units digit of f?
3
Let b(r) = -3*r**3 - 4*r**2 + 4*r + 2. What is the tens digit of b(-4)?
1
Let s = -12 - -47. Let t be 2/(-10) - 63/s. What is the units digit of t/((-6)/(-21)*-1)?
7
Let r = -1 - -3. What is the units digit of (-418)/(-99) - r/9?
4
Suppose 5*w + 119 = -106. Let g = 0 + -5. What is the units digit of w/(-6)*(-6)/g?
9
Suppose -4*d = -7*d + 51. Let a = 28 - d. What is the tens digit of a?
1
Let m = 16 - 8. Suppose m = 2*s - y, 0 = 5*s + 2*y - 0*y - 38. What is the units digit of s?
6
Let a(s) = 4*s**3 + s**2 - 1. Let t be a(1). Suppose 0 = -5*j - 3*r + 35, -3*j + 5*r + 7 = t*r. What is the units digit of j?
4
Let i = -15 + 19. Let u(x) = 2*x**3 - 7*x**2 + 5*x - 4. What is the units digit of u(i)?
2
Suppose 3*z - 2*z = 0. Let p = 9 - z. What is the units digit of p?
9
What is the units digit of ((-118)/3)/((-10)/15)?
9
Let a = 20 + 11. What is the tens digit of a?
3
Let d(j) be the first derivative of -9*j**2/2 + j - 1. Suppose -m - 4 = h, -5*h + m + 0 - 2 = 0. What is the tens digit of d(h)?
1
Let l = -17 - -34. What is the units digit of l?
7
Let b be -2 + (-59)/(3/(-3)). Let d = -36 + b. What is the units digit of (36/d)/((-1)/(-7))?
2
What is the units digit of ((-811)/(-5) - 1) + (-26)/130?
1
Suppose 3*u + 543 = 3*t, u - 4 = -8. What is the hundreds digit of t?
1
Suppose 3*z = -0*z + 12. Suppose 9*v - 5 = z*v - 5*j, -2*j = -v + 16. What is the units digit of v?
6
Let m(p) = 2*p - 3. Suppose 0 = -x - 2*x + 9. Let i be m(x). Suppose 0*s + i*s - 3 = 0. What is the units digit of s?
1
Let t = 9 + -5. Let z be (t - -3)/(2/4). Suppose z = w + 4. What is the tens digit of w?
1
Suppose p - 11 = -4. Let h(u) = -u**2 + 7*u + 4. What is the units digit of h(p)?
4
Let p(l) = l**2 - 6*l + 17. What is the tens digit of p(16)?
7
Suppose -21 - 34 = -5*u. Let t = u + -5. What is the tens digit of 1/1*(7 + t)?
1
Suppose -4*a + 1442 = -f, -f - 1 = 1. What is the tens digit of a?
6
Suppose 0 = -3*d - 15, -7*d + 3*d + 67 = 3*r. Let w = 1 + r. What is the tens digit of w?
3
Let m be -2 + (-2 - 15*-1). Suppose 2*x - m = x. What is the tens digit of x?
1
Let q be -7*(0 + 0 + -1). Suppose -g = 5*u - 92, 4*g = -5*u - q + 105. What is the units digit of u?
8
Let p = 63 - -17. Let v = p + -44. What is the units digit of v?
6
Let f = -2 + 3. Let g be 16/5 + 2/(-10) - 3. Suppose f = v - g*v. What is the units digit of v?
1
Let x be ((-5)/15)/((-2)/12). Suppose 3*p + x*p = z - 29, -5*z + 5*p = -105. What is the tens digit of z?
1
Let u be 60/4*(-2)/(-6). Suppose 0 = -b - i - 2*i - u, -3*b + 25 = -i. What is the units digit of b?
7
Let s(k) = -k**2 - 7*k + 7. What is the units digit of s(-7)?
7
Suppose -2*s = -76 + 8. What is the units digit of s?
4
Suppose 3*u = 4*z + z - 6, 4*u - 18 = -2*z. Let y(l) = -4 + l + 5*l**2 + 0*l - l**2 + l**u. What is the units digit of y(-3)?
2
Let v = 8 + -5. Suppose 0*h + 3*h = v*k - 162, 0 = -2*h - 4. What is the units digit of k?
2
Suppose 4*i - 6*i = 0. Let f(b) = b**2 + 6. What is the units digit of f(i)?
6
Let r = 84 + -39. What is the units digit of r?
5
Let z(r) = 2*r - 12. Let y be z(9). Suppose 5*a = y*a - 2. Suppose 108 = 5*l + 4*w, a*w + 72 = 4*l - 2*w. What is the units digit of l?
0
Suppose 0 = 5*x - x - 136. Suppose 4*s - 30 = x. What is the units digit of s?
6
Let v = -4 + 6. Suppose 4*p = -b, 3*p - 5 = v*p + b. What is the units digit of p?
1
Suppose -40 = -3*s - 5*t, t - 5*t = -2*s - 10. Suppose -13 = s*p + 2*v, 4*p - 2*v - 2*v = 12. Let c(x) = -12*x**3 - 2*x - 1. What is the units digit of c(p)?
3
Let x be -1*(1*12)/(-2). Suppose -4*p - 45 = -7*p. Suppose w = x*w - p. What is the units digit of w?
3
Let z = 11 - -1. Let o = -6 + z. Suppose 4*t = o*t - 26. What is the units digit of t?
3
What is the units digit of 32/6 - 22/(-33)?
6
Let v = -21 + 20. Let k(t) = -8*t + 2. What is the units digit of k(v)?
0
Let t = 14 - 12. Suppose t*l + 140 = 6*l. What is the units digit of l?
5
Let o be 3/(29/13 - 2). Suppose -4*t + 3*j - 8*j = -25, -j - o = -t. What is the units digit of t?
0
Let x = -3 - -7. Suppose 7*u - x*u = 33. What is the tens digit of u?
1
Suppose 4*s - 895 = 5*t + 74, -2*s + 483 = -3*t. What is the hundreds digit of s?
2
Suppose 0 = -5*z + 157 + 168. What is the units digit of z?
5
Let d(k) = -k**3 + 10*k**2 + 11*k + 2. What is the units digit of d(11)?
2
Let v(w) = w**2 - 12*w + 11. Let x be v(8). What is the units digit of 2/(-4) - x/2?
0
Let t(b) = b**3 + 11*b**2 + b + 12. What is the units digit of t(-11)?
1
Suppose 13*z - 10*z - 171 = 0. What is the units digit of z?
7
Let y be (2 - 1) + (-98)/(-2). Let g be y/15 - (-1)/(-3). Suppose a - g*a = -14. What is the units digit of a?
7
Let t(j) = -j**2 + 8*j + 5. Let c be t(8). What is the units digit of (c/1)/(3/12)?
0
Let r(t) be the second derivative of -t**4/12 - 3*t**3/2 - t**2/2 - t. Let w be r(-9). What is the units digit of (-5)/w + (-2)/(-1)?
7
Let t = 422 + -236. What is the units digit of t?
6
Let m = 236 - 53. What is the units digit of m?
3
Let u(t) = -t - t + 3*t. Let a be (4 + -7)/(0 - 1). What is the units digit of u(a)?
3
Let t = -53 - -113. What is the units digit of t?
0
Let x = 15 - 16. What is the tens digit of x + (4 - 1) + 17?
1
Let q = 243 - 145. Suppose 4*h = 5*c - 3*c + q, -41 = -3*h - 5*c. What is the units digit of 2*1/4*h?
1
Let f(d) = 4*d**2 - 5*d - 2. Let i(j) = 21*j**2 - 26*j - 9. Let x(p) = 11*f(p) - 2*i(p). What is the units digit of x(4)?
6
Let q(g) be the first derivative of -4*g**3/3 - 3*g**2/2 + 2*g - 2. Let d be q(-3). What is the units digit of (0 - 1)/(5/d)?
5
Let o(a) = -4*a - 8. Let k be o(-6). Suppose -3*m + 5*n + 12 = 0, m + 5*n - 12 = -2*m. Suppose -d + k = m*g, 2*d - 2*g + 0 = 2. What is the units digit of d?
4
Suppose -2*x = 2*x + 540. Let j be ((-4)/6)/(5/x). Suppose 32 = 4*q - 4*n, 2*n = -q + n + j. What is the tens digit of q?
1
Let i be ((-14)/(-4))/(3/12). Let z be (-111)/21 - (-4)/i. Let g = z + 15. What is the units digit of g?
0
Let n(f) = 8*f. Let m be -3*1 + 12 + -7. Let x be n(m). Suppose -5*u + 49 = -x. What is the 